{"id":585,"date":"2020-04-20T10:39:26","date_gmt":"2020-04-20T08:39:26","guid":{"rendered":"http:\/\/www.cuisole.it\/cuisole\/?page_id=585"},"modified":"2021-09-14T15:17:34","modified_gmt":"2021-09-14T13:17:34","slug":"ora-con-noi","status":"publish","type":"page","link":"https:\/\/www.cuisole.it\/cuisole\/ora-con-noi\/","title":{"rendered":"Fondazione ORACONNOI"},"content":{"rendered":"<p><img loading=\"lazy\" decoding=\"async\" class=\"wp-image-1685 alignleft\" src=\"https:\/\/www.cuisole.it\/cuisole\/wp-content\/uploads\/2021\/07\/Logo-Ora-Con-Noi-510x510-1.png\" alt=\"\" width=\"181\" height=\"181\" srcset=\"https:\/\/www.cuisole.it\/cuisole\/wp-content\/uploads\/2021\/07\/Logo-Ora-Con-Noi-510x510-1.png 510w, https:\/\/www.cuisole.it\/cuisole\/wp-content\/uploads\/2021\/07\/Logo-Ora-Con-Noi-510x510-1-300x300.png 300w, https:\/\/www.cuisole.it\/cuisole\/wp-content\/uploads\/2021\/07\/Logo-Ora-Con-Noi-510x510-1-150x150.png 150w, https:\/\/www.cuisole.it\/cuisole\/wp-content\/uploads\/2021\/07\/Logo-Ora-Con-Noi-510x510-1-250x250.png 250w, https:\/\/www.cuisole.it\/cuisole\/wp-content\/uploads\/2021\/07\/Logo-Ora-Con-Noi-510x510-1-174x174.png 174w\" sizes=\"auto, (max-width: 181px) 100vw, 181px\" \/> <img loading=\"lazy\" decoding=\"async\" class=\"wp-image-1697 alignright\" src=\"https:\/\/www.cuisole.it\/cuisole\/wp-content\/uploads\/2021\/09\/fondazione.jpg\" alt=\"\" width=\"263\" height=\"350\" srcset=\"https:\/\/www.cuisole.it\/cuisole\/wp-content\/uploads\/2021\/09\/fondazione.jpg 1200w, https:\/\/www.cuisole.it\/cuisole\/wp-content\/uploads\/2021\/09\/fondazione-225x300.jpg 225w, https:\/\/www.cuisole.it\/cuisole\/wp-content\/uploads\/2021\/09\/fondazione-768x1023.jpg 768w, https:\/\/www.cuisole.it\/cuisole\/wp-content\/uploads\/2021\/09\/fondazione-1153x1536.jpg 1153w\" sizes=\"auto, (max-width: 263px) 100vw, 263px\" \/> Nel 2015 <strong>CUI I Ragazzi del Sole<\/strong>, assieme ad altri tre soggetti del privato sociale, d\u00e0 vita a Fondazione ORACONNOI con l\u2019intento di riuscire a costruire un futuro sicuro e solidale per le famiglie con disabili.<\/p>\n<p>Fondazione Ora Con Noi infatti si prende cura di disabili intellettivi e\/o fisici accompagnandoli gradualmente in un percorso di accrescimento del proprio grado di autonomia ed inserendoli in case-famiglia o residenze che ne garantiscano il benessere quando il proprio nucleo familiare verr\u00e0 a mancare. Al contempo, ai loro familiari, la Fondazione fornisce la fondamentale serenit\u00e0 di sapere che una volta che non ci saranno pi\u00f9 ci sar\u00e0 comunque chi si occuper\u00e0, in modo competente ed amorevole, del loro caro.<\/p>\n<p>Fondazione Ora Con Noi genera pertanto un impatto positivo non solo su di un singolo individuo ma su di un\u2019intera comunit\u00e0, contribuendo alla realizzazione di progetti che forniscono risposte concrete alla problematica del \u201cDopo di noi\u201d nell\u2019ambito della disabilit\u00e0.<\/p>\n<p>Fondazione Ora Con Noi aderisce a DIPOI , Coordinamento Toscano delle Organizzazioni per il \u201cDurante e Dopo di Noi\u201d.<\/p>\n<p>Per maggiori informazioni visita il sito <a href=\"https:\/\/www.oraconnoi.it\" target=\"_blank\" rel=\"noopener\">www.oraconnoi.it.<\/a><\/p>\n","protected":false},"excerpt":{"rendered":"<p>Nel 2015 CUI I Ragazzi del Sole, assieme ad altri tre soggetti del privato sociale, d\u00e0 vita a Fondazione ORACONNOI con l\u2019intento di riuscire a costruire un futuro sicuro e solidale per le famiglie con disabili. Fondazione Ora Con Noi infatti si prende cura di disabili intellettivi e\/o fisici accompagnandoli gradualmente in un percorso di <a href=\"https:\/\/www.cuisole.it\/cuisole\/ora-con-noi\/\" rel=\"nofollow\"><span class=\"sr-only\">Leggi di pi\u00f9Fondazione ORACONNOI<\/span>[&hellip;]<\/a><\/p>\n","protected":false},"author":1,"featured_media":0,"parent":0,"menu_order":0,"comment_status":"closed","ping_status":"closed","template":"template-fullwidth.php","meta":{"footnotes":""},"class_list":["post-585","page","type-page","status-publish","hentry"],"yoast_head":"<!-- This site is optimized with the Yoast SEO plugin v27.6 - https:\/\/yoast.com\/product\/yoast-seo-wordpress\/ -->\n<title>Fondazione ORACONNOI - C.U.I. - I Ragazzi del Sole - ODV<\/title>\n<meta name=\"robots\" content=\"index, follow, max-snippet:-1, max-image-preview:large, max-video-preview:-1\" \/>\n<link rel=\"canonical\" href=\"https:\/\/www.cuisole.it\/cuisole\/ora-con-noi\/\" \/>\n<meta name=\"twitter:label1\" content=\"Tempo di lettura stimato\" \/>\n\t<meta name=\"twitter:data1\" content=\"1 minuto\" \/>\n<script type=\"application\/ld+json\" class=\"yoast-schema-graph\">{\"@context\":\"https:\\\/\\\/schema.org\",\"@graph\":[{\"@type\":\"WebPage\",\"@id\":\"https:\\\/\\\/www.cuisole.it\\\/cuisole\\\/ora-con-noi\\\/\",\"url\":\"https:\\\/\\\/www.cuisole.it\\\/cuisole\\\/ora-con-noi\\\/\",\"name\":\"Fondazione ORACONNOI - C.U.I. - I Ragazzi del Sole - ODV\",\"isPartOf\":{\"@id\":\"https:\\\/\\\/www.cuisole.it\\\/cuisole\\\/#website\"},\"primaryImageOfPage\":{\"@id\":\"https:\\\/\\\/www.cuisole.it\\\/cuisole\\\/ora-con-noi\\\/#primaryimage\"},\"image\":{\"@id\":\"https:\\\/\\\/www.cuisole.it\\\/cuisole\\\/ora-con-noi\\\/#primaryimage\"},\"thumbnailUrl\":\"https:\\\/\\\/www.cuisole.it\\\/cuisole\\\/wp-content\\\/uploads\\\/2021\\\/07\\\/Logo-Ora-Con-Noi-510x510-1.png\",\"datePublished\":\"2020-04-20T08:39:26+00:00\",\"dateModified\":\"2021-09-14T13:17:34+00:00\",\"breadcrumb\":{\"@id\":\"https:\\\/\\\/www.cuisole.it\\\/cuisole\\\/ora-con-noi\\\/#breadcrumb\"},\"inLanguage\":\"it-IT\",\"potentialAction\":[{\"@type\":\"ReadAction\",\"target\":[\"https:\\\/\\\/www.cuisole.it\\\/cuisole\\\/ora-con-noi\\\/\"]}]},{\"@type\":\"ImageObject\",\"inLanguage\":\"it-IT\",\"@id\":\"https:\\\/\\\/www.cuisole.it\\\/cuisole\\\/ora-con-noi\\\/#primaryimage\",\"url\":\"https:\\\/\\\/www.cuisole.it\\\/cuisole\\\/wp-content\\\/uploads\\\/2021\\\/07\\\/Logo-Ora-Con-Noi-510x510-1.png\",\"contentUrl\":\"https:\\\/\\\/www.cuisole.it\\\/cuisole\\\/wp-content\\\/uploads\\\/2021\\\/07\\\/Logo-Ora-Con-Noi-510x510-1.png\",\"width\":510,\"height\":510},{\"@type\":\"BreadcrumbList\",\"@id\":\"https:\\\/\\\/www.cuisole.it\\\/cuisole\\\/ora-con-noi\\\/#breadcrumb\",\"itemListElement\":[{\"@type\":\"ListItem\",\"position\":1,\"name\":\"Home\",\"item\":\"https:\\\/\\\/www.cuisole.it\\\/cuisole\\\/\"},{\"@type\":\"ListItem\",\"position\":2,\"name\":\"Fondazione ORACONNOI\"}]},{\"@type\":\"WebSite\",\"@id\":\"https:\\\/\\\/www.cuisole.it\\\/cuisole\\\/#website\",\"url\":\"https:\\\/\\\/www.cuisole.it\\\/cuisole\\\/\",\"name\":\"C.U.I. - I Ragazzi del Sole - ODV\",\"description\":\"Associazione di volontariato che si occupa delle problematiche dei diversamente abili\",\"publisher\":{\"@id\":\"https:\\\/\\\/www.cuisole.it\\\/cuisole\\\/#organization\"},\"potentialAction\":[{\"@type\":\"SearchAction\",\"target\":{\"@type\":\"EntryPoint\",\"urlTemplate\":\"https:\\\/\\\/www.cuisole.it\\\/cuisole\\\/?s={search_term_string}\"},\"query-input\":{\"@type\":\"PropertyValueSpecification\",\"valueRequired\":true,\"valueName\":\"search_term_string\"}}],\"inLanguage\":\"it-IT\"},{\"@type\":\"Organization\",\"@id\":\"https:\\\/\\\/www.cuisole.it\\\/cuisole\\\/#organization\",\"name\":\"CUI I RAGAZZI DEL SOLE ODV\",\"url\":\"https:\\\/\\\/www.cuisole.it\\\/cuisole\\\/\",\"logo\":{\"@type\":\"ImageObject\",\"inLanguage\":\"it-IT\",\"@id\":\"https:\\\/\\\/www.cuisole.it\\\/cuisole\\\/#\\\/schema\\\/logo\\\/image\\\/\",\"url\":\"https:\\\/\\\/www.cuisole.it\\\/cuisole\\\/wp-content\\\/uploads\\\/2019\\\/11\\\/cropped-logo-1.jpg\",\"contentUrl\":\"https:\\\/\\\/www.cuisole.it\\\/cuisole\\\/wp-content\\\/uploads\\\/2019\\\/11\\\/cropped-logo-1.jpg\",\"width\":512,\"height\":512,\"caption\":\"CUI I RAGAZZI DEL SOLE ODV\"},\"image\":{\"@id\":\"https:\\\/\\\/www.cuisole.it\\\/cuisole\\\/#\\\/schema\\\/logo\\\/image\\\/\"},\"sameAs\":[\"https:\\\/\\\/www.facebook.com\\\/CUIIRagazzidelSole\"]}]}<\/script>\n<!-- \/ Yoast SEO plugin. -->","yoast_head_json":{"title":"Fondazione ORACONNOI - C.U.I. - I Ragazzi del Sole - ODV","robots":{"index":"index","follow":"follow","max-snippet":"max-snippet:-1","max-image-preview":"max-image-preview:large","max-video-preview":"max-video-preview:-1"},"canonical":"https:\/\/www.cuisole.it\/cuisole\/ora-con-noi\/","twitter_misc":{"Tempo di lettura stimato":"1 minuto"},"schema":{"@context":"https:\/\/schema.org","@graph":[{"@type":"WebPage","@id":"https:\/\/www.cuisole.it\/cuisole\/ora-con-noi\/","url":"https:\/\/www.cuisole.it\/cuisole\/ora-con-noi\/","name":"Fondazione ORACONNOI - C.U.I. - I Ragazzi del Sole - ODV","isPartOf":{"@id":"https:\/\/www.cuisole.it\/cuisole\/#website"},"primaryImageOfPage":{"@id":"https:\/\/www.cuisole.it\/cuisole\/ora-con-noi\/#primaryimage"},"image":{"@id":"https:\/\/www.cuisole.it\/cuisole\/ora-con-noi\/#primaryimage"},"thumbnailUrl":"https:\/\/www.cuisole.it\/cuisole\/wp-content\/uploads\/2021\/07\/Logo-Ora-Con-Noi-510x510-1.png","datePublished":"2020-04-20T08:39:26+00:00","dateModified":"2021-09-14T13:17:34+00:00","breadcrumb":{"@id":"https:\/\/www.cuisole.it\/cuisole\/ora-con-noi\/#breadcrumb"},"inLanguage":"it-IT","potentialAction":[{"@type":"ReadAction","target":["https:\/\/www.cuisole.it\/cuisole\/ora-con-noi\/"]}]},{"@type":"ImageObject","inLanguage":"it-IT","@id":"https:\/\/www.cuisole.it\/cuisole\/ora-con-noi\/#primaryimage","url":"https:\/\/www.cuisole.it\/cuisole\/wp-content\/uploads\/2021\/07\/Logo-Ora-Con-Noi-510x510-1.png","contentUrl":"https:\/\/www.cuisole.it\/cuisole\/wp-content\/uploads\/2021\/07\/Logo-Ora-Con-Noi-510x510-1.png","width":510,"height":510},{"@type":"BreadcrumbList","@id":"https:\/\/www.cuisole.it\/cuisole\/ora-con-noi\/#breadcrumb","itemListElement":[{"@type":"ListItem","position":1,"name":"Home","item":"https:\/\/www.cuisole.it\/cuisole\/"},{"@type":"ListItem","position":2,"name":"Fondazione ORACONNOI"}]},{"@type":"WebSite","@id":"https:\/\/www.cuisole.it\/cuisole\/#website","url":"https:\/\/www.cuisole.it\/cuisole\/","name":"C.U.I. - I Ragazzi del Sole - ODV","description":"Associazione di volontariato che si occupa delle problematiche dei diversamente abili","publisher":{"@id":"https:\/\/www.cuisole.it\/cuisole\/#organization"},"potentialAction":[{"@type":"SearchAction","target":{"@type":"EntryPoint","urlTemplate":"https:\/\/www.cuisole.it\/cuisole\/?s={search_term_string}"},"query-input":{"@type":"PropertyValueSpecification","valueRequired":true,"valueName":"search_term_string"}}],"inLanguage":"it-IT"},{"@type":"Organization","@id":"https:\/\/www.cuisole.it\/cuisole\/#organization","name":"CUI I RAGAZZI DEL SOLE ODV","url":"https:\/\/www.cuisole.it\/cuisole\/","logo":{"@type":"ImageObject","inLanguage":"it-IT","@id":"https:\/\/www.cuisole.it\/cuisole\/#\/schema\/logo\/image\/","url":"https:\/\/www.cuisole.it\/cuisole\/wp-content\/uploads\/2019\/11\/cropped-logo-1.jpg","contentUrl":"https:\/\/www.cuisole.it\/cuisole\/wp-content\/uploads\/2019\/11\/cropped-logo-1.jpg","width":512,"height":512,"caption":"CUI I RAGAZZI DEL SOLE ODV"},"image":{"@id":"https:\/\/www.cuisole.it\/cuisole\/#\/schema\/logo\/image\/"},"sameAs":["https:\/\/www.facebook.com\/CUIIRagazzidelSole"]}]}},"_links":{"self":[{"href":"https:\/\/www.cuisole.it\/cuisole\/wp-json\/wp\/v2\/pages\/585","targetHints":{"allow":["GET"]}}],"collection":[{"href":"https:\/\/www.cuisole.it\/cuisole\/wp-json\/wp\/v2\/pages"}],"about":[{"href":"https:\/\/www.cuisole.it\/cuisole\/wp-json\/wp\/v2\/types\/page"}],"author":[{"embeddable":true,"href":"https:\/\/www.cuisole.it\/cuisole\/wp-json\/wp\/v2\/users\/1"}],"replies":[{"embeddable":true,"href":"https:\/\/www.cuisole.it\/cuisole\/wp-json\/wp\/v2\/comments?post=585"}],"version-history":[{"count":15,"href":"https:\/\/www.cuisole.it\/cuisole\/wp-json\/wp\/v2\/pages\/585\/revisions"}],"predecessor-version":[{"id":1700,"href":"https:\/\/www.cuisole.it\/cuisole\/wp-json\/wp\/v2\/pages\/585\/revisions\/1700"}],"wp:attachment":[{"href":"https:\/\/www.cuisole.it\/cuisole\/wp-json\/wp\/v2\/media?parent=585"}],"curies":[{"name":"wp","href":"https:\/\/api.w.org\/{rel}","templated":true}]}}

<p><img loading="lazy" decoding="async" class="wp-image-1685 alignleft" src="https://www.cuisole.it/cuisole/wp-content/uploads/2021/07/Logo-Ora-Con-Noi-510x510-1.png" alt="" width="181" height="181" srcset="https://www.cuisole.it/cuisole/wp-content/uploads/2021/07/Logo-Ora-Con-Noi-510x510-1.png 510w, https://www.cuisole.it/cuisole/wp-content/uploads/2021/07/Logo-Ora-Con-Noi-510x510-1-300x300.png 300w, https://www.cuisole.it/cuisole/wp-content/uploads/2021/07/Logo-Ora-Con-Noi-510x510-1-150x150.png 150w, https://www.cuisole.it/cuisole/wp-content/uploads/2021/07/Logo-Ora-Con-Noi-510x510-1-250x250.png 250w, https://www.cuisole.it/cuisole/wp-content/uploads/2021/07/Logo-Ora-Con-Noi-510x510-1-174x174.png 174w" sizes="auto, (max-width: 181px) 100vw, 181px" /> <img loading="lazy" decoding="async" class="wp-image-1697 alignright" src="https://www.cuisole.it/cuisole/wp-content/uploads/2021/09/fondazione.jpg" alt="" width="263" height="350" srcset="https://www.cuisole.it/cuisole/wp-content/uploads/2021/09/fondazione.jpg 1200w, https://www.cuisole.it/cuisole/wp-content/uploads/2021/09/fondazione-225x300.jpg 225w, https://www.cuisole.it/cuisole/wp-content/uploads/2021/09/fondazione-768x1023.jpg 768w, https://www.cuisole.it/cuisole/wp-content/uploads/2021/09/fondazione-1153x1536.jpg 1153w" sizes="auto, (max-width: 263px) 100vw, 263px" /> Nel 2015 <strong>CUI I Ragazzi del Sole</strong>, assieme ad altri tre soggetti del privato sociale, dà vita a Fondazione ORACONNOI con l’intento di riuscire a costruire un futuro sicuro e solidale per le famiglie con disabili.</p>
<p>Fondazione Ora Con Noi infatti si prende cura di disabili intellettivi e/o fisici accompagnandoli gradualmente in un percorso di accrescimento del proprio grado di autonomia ed inserendoli in case-famiglia o residenze che ne garantiscano il benessere quando il proprio nucleo familiare verrà a mancare. Al contempo, ai loro familiari, la Fondazione fornisce la fondamentale serenità di sapere che una volta che non ci saranno più ci sarà comunque chi si occuperà, in modo competente ed amorevole, del loro caro.</p>
<p>Fondazione Ora Con Noi genera pertanto un impatto positivo non solo su di un singolo individuo ma su di un’intera comunità, contribuendo alla realizzazione di progetti che forniscono risposte concrete alla problematica del “Dopo di noi” nell’ambito della disabilità.</p>
<p>Fondazione Ora Con Noi aderisce a DIPOI , Coordinamento Toscano delle Organizzazioni per il “Durante e Dopo di Noi”.</p>
<p>Per maggiori informazioni visita il sito <a href="https://www.oraconnoi.it" target="_blank" rel="noopener">www.oraconnoi.it.</a></p>

<p>Nel 2015 CUI I Ragazzi del Sole, assieme ad altri tre soggetti del privato sociale, dà vita a Fondazione ORACONNOI con l’intento di riuscire a costruire un futuro sicuro e solidale per le famiglie con disabili. Fondazione Ora Con Noi infatti si prende cura di disabili intellettivi e/o fisici accompagnandoli gradualmente in un percorso di <a href="https://www.cuisole.it/cuisole/ora-con-noi/" rel="nofollow"><span class="sr-only">Leggi di piùFondazione ORACONNOI</span>[&hellip;]</a></p>
