{"id":18,"date":"2019-11-13T14:37:38","date_gmt":"2019-11-13T14:37:38","guid":{"rendered":"http:\/\/www.cuisole.it\/cuisole\/?page_id=18"},"modified":"2023-09-06T14:47:52","modified_gmt":"2023-09-06T12:47:52","slug":"il-faro-centro-diurno","status":"publish","type":"page","link":"https:\/\/www.cuisole.it\/cuisole\/il-faro-centro-diurno\/","title":{"rendered":"Il Faro &#8211; Centro diurno"},"content":{"rendered":"<p><img loading=\"lazy\" decoding=\"async\" class=\"size-full wp-image-270 alignleft\" src=\"http:\/\/www.cuisole.it\/cuisole\/wp-content\/uploads\/2019\/12\/logo_faro_pp.jpg\" alt=\"\" width=\"150\" height=\"147\" \/>Il centro diurno per diversabili Il Faro \u00e8 stato aperto il 16 Febbraio del 2004, nei locali della Baracca a Vingone. La Nuova Baracca \u00e8 stata ristrutturata dal Comune di Scandicci proprio per la creazione di progetti sociali.<br \/>\nIl centro diurno Il Faro \u00e8 gestito da un A.T.I. (Associazione Temporanea d&#8217;Impresa) formato dalla Cooperativa sociale BARBERI, dalla Cooperativa sociale IL GIRASOLE e dall&#8217;Associazione di volontariato C.U.I. I Ragazzi del Sole.<\/p>\n<p>L&#8217;utenza a cui \u00e8 finalizzato il centro \u00e8 nello specifico:<\/p>\n<ul>\n<li>Soggetti diversabili che, concluso il ciclo scolastico, abbiano necessit\u00e0 di comprendere quale possa essere la propria dimensione lavorativa o di altro tipo d&#8217;impiego (centro di socializzazione o inserimento socio-terapeutico), senza il rischio di un prematuro fallimento;<\/li>\n<li>Soggetti diversabili inseriti nei percorsi scolastici ai quali offrire attivit\u00e0 integrate all&#8217;iter della scuola (attivit\u00e0 di autonomia);<\/li>\n<li>Soggetti diversabili con un buon livello di autonomia che manifestino la necessit\u00e0 di uno sviluppo piu mirato ad abilit\u00e0 specifiche, necessario per un successivo inserimento in percorsi di preformazione oppure in percorsi lavorativi protetti;<\/li>\n<li>Soggetti diversabili che abbiano bisogno di un intervento mirato sull&#8217;acquisizione di autonomie di base, personali e sociali;<\/li>\n<\/ul>\n<p>Gli obiettivi del centro sono di osservazione e orientamento al lavoro, di consolidamento delle autonomie degli utenti inseriti e di miglioramento della qualit\u00e0 della vita.<\/p>\n<p style=\"text-align: left;\">Collaborazione con Associazione CUI I Ragazzi del Sole per laboratori presso lo spazio &#8220;ORTI IN CITTA'&#8221; Via di Mosciano 2 a Scandicci.<\/p>\n<hr \/>\n<p style=\"text-align: left;\">Informazioni: Tel. e fax 055 741182 &#8211; <a title=\"Collegamento ad un sito esterno: www.centroilfaro.it\" href=\"http:\/\/www.centroilfaro.it\" target=\"_blank\" rel=\"noopener noreferrer\">www.centroilfaro.it<\/a> &#8211; L&#8217;ufficio di segreteria \u00e8 aperto dal Luned\u00ec al Venerd\u00ec dalle ore 08.30 alle ore 12.30.<\/p>\n","protected":false},"excerpt":{"rendered":"<p>Il centro diurno per diversabili Il Faro \u00e8 stato aperto il 16 Febbraio del 2004, nei locali della Baracca a Vingone. La Nuova Baracca \u00e8 stata ristrutturata dal Comune di Scandicci proprio per la creazione di progetti sociali. Il centro diurno Il Faro \u00e8 gestito da un A.T.I. (Associazione Temporanea d&#8217;Impresa) formato dalla Cooperativa sociale <a href=\"https:\/\/www.cuisole.it\/cuisole\/il-faro-centro-diurno\/\" rel=\"nofollow\"><span class=\"sr-only\">Leggi di pi\u00f9Il Faro &#8211; Centro diurno<\/span>[&hellip;]<\/a><\/p>\n","protected":false},"author":1,"featured_media":0,"parent":0,"menu_order":0,"comment_status":"closed","ping_status":"closed","template":"template-fullwidth.php","meta":{"footnotes":""},"class_list":["post-18","page","type-page","status-publish","hentry"],"yoast_head":"<!-- This site is optimized with the Yoast SEO plugin v27.6 - https:\/\/yoast.com\/product\/yoast-seo-wordpress\/ -->\n<title>Il Faro - Centro diurno - C.U.I. - I Ragazzi del Sole - ODV<\/title>\n<meta name=\"robots\" content=\"index, follow, max-snippet:-1, max-image-preview:large, max-video-preview:-1\" \/>\n<link rel=\"canonical\" href=\"https:\/\/www.cuisole.it\/cuisole\/il-faro-centro-diurno\/\" \/>\n<meta name=\"twitter:label1\" content=\"Tempo di lettura stimato\" \/>\n\t<meta name=\"twitter:data1\" content=\"2 minuti\" \/>\n<script type=\"application\/ld+json\" class=\"yoast-schema-graph\">{\"@context\":\"https:\\\/\\\/schema.org\",\"@graph\":[{\"@type\":\"WebPage\",\"@id\":\"https:\\\/\\\/www.cuisole.it\\\/cuisole\\\/il-faro-centro-diurno\\\/\",\"url\":\"https:\\\/\\\/www.cuisole.it\\\/cuisole\\\/il-faro-centro-diurno\\\/\",\"name\":\"Il Faro - Centro diurno - C.U.I. - I Ragazzi del Sole - ODV\",\"isPartOf\":{\"@id\":\"https:\\\/\\\/www.cuisole.it\\\/cuisole\\\/#website\"},\"primaryImageOfPage\":{\"@id\":\"https:\\\/\\\/www.cuisole.it\\\/cuisole\\\/il-faro-centro-diurno\\\/#primaryimage\"},\"image\":{\"@id\":\"https:\\\/\\\/www.cuisole.it\\\/cuisole\\\/il-faro-centro-diurno\\\/#primaryimage\"},\"thumbnailUrl\":\"http:\\\/\\\/www.cuisole.it\\\/cuisole\\\/wp-content\\\/uploads\\\/2019\\\/12\\\/logo_faro_pp.jpg\",\"datePublished\":\"2019-11-13T14:37:38+00:00\",\"dateModified\":\"2023-09-06T12:47:52+00:00\",\"breadcrumb\":{\"@id\":\"https:\\\/\\\/www.cuisole.it\\\/cuisole\\\/il-faro-centro-diurno\\\/#breadcrumb\"},\"inLanguage\":\"it-IT\",\"potentialAction\":[{\"@type\":\"ReadAction\",\"target\":[\"https:\\\/\\\/www.cuisole.it\\\/cuisole\\\/il-faro-centro-diurno\\\/\"]}]},{\"@type\":\"ImageObject\",\"inLanguage\":\"it-IT\",\"@id\":\"https:\\\/\\\/www.cuisole.it\\\/cuisole\\\/il-faro-centro-diurno\\\/#primaryimage\",\"url\":\"https:\\\/\\\/www.cuisole.it\\\/cuisole\\\/wp-content\\\/uploads\\\/2019\\\/12\\\/logo_faro_pp.jpg\",\"contentUrl\":\"https:\\\/\\\/www.cuisole.it\\\/cuisole\\\/wp-content\\\/uploads\\\/2019\\\/12\\\/logo_faro_pp.jpg\",\"width\":150,\"height\":147},{\"@type\":\"BreadcrumbList\",\"@id\":\"https:\\\/\\\/www.cuisole.it\\\/cuisole\\\/il-faro-centro-diurno\\\/#breadcrumb\",\"itemListElement\":[{\"@type\":\"ListItem\",\"position\":1,\"name\":\"Home\",\"item\":\"https:\\\/\\\/www.cuisole.it\\\/cuisole\\\/\"},{\"@type\":\"ListItem\",\"position\":2,\"name\":\"Il Faro &#8211; Centro diurno\"}]},{\"@type\":\"WebSite\",\"@id\":\"https:\\\/\\\/www.cuisole.it\\\/cuisole\\\/#website\",\"url\":\"https:\\\/\\\/www.cuisole.it\\\/cuisole\\\/\",\"name\":\"C.U.I. - I Ragazzi del Sole - ODV\",\"description\":\"Associazione di volontariato che si occupa delle problematiche dei diversamente abili\",\"publisher\":{\"@id\":\"https:\\\/\\\/www.cuisole.it\\\/cuisole\\\/#organization\"},\"potentialAction\":[{\"@type\":\"SearchAction\",\"target\":{\"@type\":\"EntryPoint\",\"urlTemplate\":\"https:\\\/\\\/www.cuisole.it\\\/cuisole\\\/?s={search_term_string}\"},\"query-input\":{\"@type\":\"PropertyValueSpecification\",\"valueRequired\":true,\"valueName\":\"search_term_string\"}}],\"inLanguage\":\"it-IT\"},{\"@type\":\"Organization\",\"@id\":\"https:\\\/\\\/www.cuisole.it\\\/cuisole\\\/#organization\",\"name\":\"CUI I RAGAZZI DEL SOLE ODV\",\"url\":\"https:\\\/\\\/www.cuisole.it\\\/cuisole\\\/\",\"logo\":{\"@type\":\"ImageObject\",\"inLanguage\":\"it-IT\",\"@id\":\"https:\\\/\\\/www.cuisole.it\\\/cuisole\\\/#\\\/schema\\\/logo\\\/image\\\/\",\"url\":\"https:\\\/\\\/www.cuisole.it\\\/cuisole\\\/wp-content\\\/uploads\\\/2019\\\/11\\\/cropped-logo-1.jpg\",\"contentUrl\":\"https:\\\/\\\/www.cuisole.it\\\/cuisole\\\/wp-content\\\/uploads\\\/2019\\\/11\\\/cropped-logo-1.jpg\",\"width\":512,\"height\":512,\"caption\":\"CUI I RAGAZZI DEL SOLE ODV\"},\"image\":{\"@id\":\"https:\\\/\\\/www.cuisole.it\\\/cuisole\\\/#\\\/schema\\\/logo\\\/image\\\/\"},\"sameAs\":[\"https:\\\/\\\/www.facebook.com\\\/CUIIRagazzidelSole\"]}]}<\/script>\n<!-- \/ Yoast SEO plugin. -->","yoast_head_json":{"title":"Il Faro - Centro diurno - C.U.I. - I Ragazzi del Sole - ODV","robots":{"index":"index","follow":"follow","max-snippet":"max-snippet:-1","max-image-preview":"max-image-preview:large","max-video-preview":"max-video-preview:-1"},"canonical":"https:\/\/www.cuisole.it\/cuisole\/il-faro-centro-diurno\/","twitter_misc":{"Tempo di lettura stimato":"2 minuti"},"schema":{"@context":"https:\/\/schema.org","@graph":[{"@type":"WebPage","@id":"https:\/\/www.cuisole.it\/cuisole\/il-faro-centro-diurno\/","url":"https:\/\/www.cuisole.it\/cuisole\/il-faro-centro-diurno\/","name":"Il Faro - Centro diurno - C.U.I. - I Ragazzi del Sole - ODV","isPartOf":{"@id":"https:\/\/www.cuisole.it\/cuisole\/#website"},"primaryImageOfPage":{"@id":"https:\/\/www.cuisole.it\/cuisole\/il-faro-centro-diurno\/#primaryimage"},"image":{"@id":"https:\/\/www.cuisole.it\/cuisole\/il-faro-centro-diurno\/#primaryimage"},"thumbnailUrl":"http:\/\/www.cuisole.it\/cuisole\/wp-content\/uploads\/2019\/12\/logo_faro_pp.jpg","datePublished":"2019-11-13T14:37:38+00:00","dateModified":"2023-09-06T12:47:52+00:00","breadcrumb":{"@id":"https:\/\/www.cuisole.it\/cuisole\/il-faro-centro-diurno\/#breadcrumb"},"inLanguage":"it-IT","potentialAction":[{"@type":"ReadAction","target":["https:\/\/www.cuisole.it\/cuisole\/il-faro-centro-diurno\/"]}]},{"@type":"ImageObject","inLanguage":"it-IT","@id":"https:\/\/www.cuisole.it\/cuisole\/il-faro-centro-diurno\/#primaryimage","url":"https:\/\/www.cuisole.it\/cuisole\/wp-content\/uploads\/2019\/12\/logo_faro_pp.jpg","contentUrl":"https:\/\/www.cuisole.it\/cuisole\/wp-content\/uploads\/2019\/12\/logo_faro_pp.jpg","width":150,"height":147},{"@type":"BreadcrumbList","@id":"https:\/\/www.cuisole.it\/cuisole\/il-faro-centro-diurno\/#breadcrumb","itemListElement":[{"@type":"ListItem","position":1,"name":"Home","item":"https:\/\/www.cuisole.it\/cuisole\/"},{"@type":"ListItem","position":2,"name":"Il Faro &#8211; Centro diurno"}]},{"@type":"WebSite","@id":"https:\/\/www.cuisole.it\/cuisole\/#website","url":"https:\/\/www.cuisole.it\/cuisole\/","name":"C.U.I. - I Ragazzi del Sole - ODV","description":"Associazione di volontariato che si occupa delle problematiche dei diversamente abili","publisher":{"@id":"https:\/\/www.cuisole.it\/cuisole\/#organization"},"potentialAction":[{"@type":"SearchAction","target":{"@type":"EntryPoint","urlTemplate":"https:\/\/www.cuisole.it\/cuisole\/?s={search_term_string}"},"query-input":{"@type":"PropertyValueSpecification","valueRequired":true,"valueName":"search_term_string"}}],"inLanguage":"it-IT"},{"@type":"Organization","@id":"https:\/\/www.cuisole.it\/cuisole\/#organization","name":"CUI I RAGAZZI DEL SOLE ODV","url":"https:\/\/www.cuisole.it\/cuisole\/","logo":{"@type":"ImageObject","inLanguage":"it-IT","@id":"https:\/\/www.cuisole.it\/cuisole\/#\/schema\/logo\/image\/","url":"https:\/\/www.cuisole.it\/cuisole\/wp-content\/uploads\/2019\/11\/cropped-logo-1.jpg","contentUrl":"https:\/\/www.cuisole.it\/cuisole\/wp-content\/uploads\/2019\/11\/cropped-logo-1.jpg","width":512,"height":512,"caption":"CUI I RAGAZZI DEL SOLE ODV"},"image":{"@id":"https:\/\/www.cuisole.it\/cuisole\/#\/schema\/logo\/image\/"},"sameAs":["https:\/\/www.facebook.com\/CUIIRagazzidelSole"]}]}},"_links":{"self":[{"href":"https:\/\/www.cuisole.it\/cuisole\/wp-json\/wp\/v2\/pages\/18","targetHints":{"allow":["GET"]}}],"collection":[{"href":"https:\/\/www.cuisole.it\/cuisole\/wp-json\/wp\/v2\/pages"}],"about":[{"href":"https:\/\/www.cuisole.it\/cuisole\/wp-json\/wp\/v2\/types\/page"}],"author":[{"embeddable":true,"href":"https:\/\/www.cuisole.it\/cuisole\/wp-json\/wp\/v2\/users\/1"}],"replies":[{"embeddable":true,"href":"https:\/\/www.cuisole.it\/cuisole\/wp-json\/wp\/v2\/comments?post=18"}],"version-history":[{"count":9,"href":"https:\/\/www.cuisole.it\/cuisole\/wp-json\/wp\/v2\/pages\/18\/revisions"}],"predecessor-version":[{"id":2098,"href":"https:\/\/www.cuisole.it\/cuisole\/wp-json\/wp\/v2\/pages\/18\/revisions\/2098"}],"wp:attachment":[{"href":"https:\/\/www.cuisole.it\/cuisole\/wp-json\/wp\/v2\/media?parent=18"}],"curies":[{"name":"wp","href":"https:\/\/api.w.org\/{rel}","templated":true}]}}

<p><img loading="lazy" decoding="async" class="size-full wp-image-270 alignleft" src="http://www.cuisole.it/cuisole/wp-content/uploads/2019/12/logo_faro_pp.jpg" alt="" width="150" height="147" />Il centro diurno per diversabili Il Faro è stato aperto il 16 Febbraio del 2004, nei locali della Baracca a Vingone. La Nuova Baracca è stata ristrutturata dal Comune di Scandicci proprio per la creazione di progetti sociali.<br />
Il centro diurno Il Faro è gestito da un A.T.I. (Associazione Temporanea d&#8217;Impresa) formato dalla Cooperativa sociale BARBERI, dalla Cooperativa sociale IL GIRASOLE e dall&#8217;Associazione di volontariato C.U.I. I Ragazzi del Sole.</p>
<p>L&#8217;utenza a cui è finalizzato il centro è nello specifico:</p>
<ul>
<li>Soggetti diversabili che, concluso il ciclo scolastico, abbiano necessità di comprendere quale possa essere la propria dimensione lavorativa o di altro tipo d&#8217;impiego (centro di socializzazione o inserimento socio-terapeutico), senza il rischio di un prematuro fallimento;</li>
<li>Soggetti diversabili inseriti nei percorsi scolastici ai quali offrire attività integrate all&#8217;iter della scuola (attività di autonomia);</li>
<li>Soggetti diversabili con un buon livello di autonomia che manifestino la necessità di uno sviluppo piu mirato ad abilità specifiche, necessario per un successivo inserimento in percorsi di preformazione oppure in percorsi lavorativi protetti;</li>
<li>Soggetti diversabili che abbiano bisogno di un intervento mirato sull&#8217;acquisizione di autonomie di base, personali e sociali;</li>
</ul>
<p>Gli obiettivi del centro sono di osservazione e orientamento al lavoro, di consolidamento delle autonomie degli utenti inseriti e di miglioramento della qualità della vita.</p>
<p style="text-align: left;">Collaborazione con Associazione CUI I Ragazzi del Sole per laboratori presso lo spazio &#8220;ORTI IN CITTA'&#8221; Via di Mosciano 2 a Scandicci.</p>
<hr />
<p style="text-align: left;">Informazioni: Tel. e fax 055 741182 &#8211; <a title="Collegamento ad un sito esterno: www.centroilfaro.it" href="http://www.centroilfaro.it" target="_blank" rel="noopener noreferrer">www.centroilfaro.it</a> &#8211; L&#8217;ufficio di segreteria è aperto dal Lunedì al Venerdì dalle ore 08.30 alle ore 12.30.</p>

<p>Il centro diurno per diversabili Il Faro è stato aperto il 16 Febbraio del 2004, nei locali della Baracca a Vingone. La Nuova Baracca è stata ristrutturata dal Comune di Scandicci proprio per la creazione di progetti sociali. Il centro diurno Il Faro è gestito da un A.T.I. (Associazione Temporanea d&#8217;Impresa) formato dalla Cooperativa sociale <a href="https://www.cuisole.it/cuisole/il-faro-centro-diurno/" rel="nofollow"><span class="sr-only">Leggi di piùIl Faro &#8211; Centro diurno</span>[&hellip;]</a></p>
